{"id":40638,"date":"2017-03-09T12:48:14","date_gmt":"2017-03-09T12:48:14","guid":{"rendered":"http:\/\/teszt.alexbutor.hu\/utcabutor\/?page_id=40638"},"modified":"2018-09-14T16:34:52","modified_gmt":"2018-09-14T16:34:52","slug":"vsetky-produkty","status":"publish","type":"page","link":"https:\/\/alexnabytok.sk\/alexmobiliar\/kategoria\/vsetky-produkty\/","title":{"rendered":"V\u0161etky produkty"},"content":{"rendered":"<li class=\"portfolio_item isotope-item\">\n<div class=\"portfolio_item_holder\">\n<figure class=\"thumbnail thumbnail__portfolio\"><a href=\"https:\/\/alexnabytok.sk\/alexmobiliar\/kategoria\/exterierove-a-ulicne-lavicky\/\" class=\"image-wrap\"><img decoding=\"async\" src=\"https:\/\/alexnabytok.sk\/alexmobiliar\/wp-content\/uploads\/2017\/03\/01_Utcai_es_kulteri_padok.jpg\" alt=\"Exteri\u00e9rov\u00e9 a uli\u010dn\u00e9 lavi\u010dky\"><\/a><\/figure>\n<div class=\"caption caption__portfolio\">\n<h3><a href=\"https:\/\/alexnabytok.sk\/alexmobiliar\/kategoria\/exterierove-a-ulicne-lavicky\/\">Exteri\u00e9rov\u00e9 a uli\u010dn\u00e9 lavi\u010dky<\/a><\/h3>\n<\/div>\n<\/div>\n<\/li>\n<li class=\"portfolio_item isotope-item\">\n<div class=\"portfolio_item_holder\">\n<figure class=\"thumbnail thumbnail__portfolio\"><a href=\"https:\/\/alexnabytok.sk\/alexmobiliar\/kategoria\/kategorie-produktov\/\" class=\"image-wrap\"><img decoding=\"async\" src=\"https:\/\/alexnabytok.sk\/alexmobiliar\/wp-content\/uploads\/2017\/03\/02_Butorcsaladok.jpg\" alt=\"Kateg\u00f3rie produktov\"><\/a><\/figure>\n<div class=\"caption caption__portfolio\">\n<h3><a href=\"https:\/\/alexnabytok.sk\/alexmobiliar\/kategoria\/kategorie-produktov\/\">Kateg\u00f3rie produktov<\/a><\/h3>\n<\/div>\n<\/div>\n<\/li>\n<li class=\"portfolio_item isotope-item\">\n<div class=\"portfolio_item_holder\">\n<figure class=\"thumbnail thumbnail__portfolio\"><a href=\"https:\/\/alexnabytok.sk\/alexmobiliar\/kategoria\/produkty\/\" class=\"image-wrap\"><img decoding=\"async\" src=\"https:\/\/alexnabytok.sk\/alexmobiliar\/wp-content\/uploads\/2017\/03\/03_Butorok.jpg\" alt=\"Produkty\"><\/a><\/figure>\n<div class=\"caption caption__portfolio\">\n<h3><a href=\"hhttps:\/\/alexnabytok.sk\/alexmobiliar\/kategoria\/produkty\/\">Produkty<\/a><\/h3>\n<\/div>\n<\/div>\n<\/li>\n<li class=\"portfolio_item isotope-item\">\n<div class=\"portfolio_item_holder\">\n<figure class=\"thumbnail thumbnail__portfolio\"><a href=\"https:\/\/alexnabytok.sk\/alexmobiliar\/kategoria\/extrerierove-stoly\/\" class=\"image-wrap\"><img decoding=\"async\" src=\"https:\/\/alexnabytok.sk\/alexmobiliar\/wp-content\/uploads\/2017\/03\/04_Utcai_es_kulteri_asztalok.jpg\" alt=\"Extreri\u00e9rov\u00e9 stoly\"><\/a><\/figure>\n<div class=\"caption caption__portfolio\">\n<h3><a href=\"https:\/\/alexnabytok.sk\/alexmobiliar\/kategoria\/extrerierove-stoly\/\">Extreri\u00e9rov\u00e9 stoly<\/a><\/h3>\n<\/div>\n<\/div>\n<\/li>\n<li class=\"portfolio_item isotope-item\">\n<div class=\"portfolio_item_holder\">\n<figure class=\"thumbnail thumbnail__portfolio\"><a href=\"https:\/\/alexnabytok.sk\/alexmobiliar\/kategoria\/osvetlenie-ulic\/\" class=\"image-wrap\"><img decoding=\"async\" src=\"https:\/\/alexnabytok.sk\/alexmobiliar\/wp-content\/uploads\/2017\/03\/05_Utcai_vilagitas.jpg\" alt=\"Osvetlenie ul\u00edc\"><\/a><\/figure>\n<div class=\"caption caption__portfolio\">\n<h3><a href=\"https:\/\/alexnabytok.sk\/alexmobiliar\/kategoria\/osvetlenie-ulic\/\">Osvetlenie ul\u00edc<\/a><\/h3>\n<\/div>\n<\/div>\n<\/li>\n<li class=\"portfolio_item isotope-item\">\n<div class=\"portfolio_item_holder\">\n<figure class=\"thumbnail thumbnail__portfolio\"><a href=\"https:\/\/alexnabytok.sk\/alexmobiliar\/kategoria\/odpadkove-kose\/\" class=\"image-wrap\"><img decoding=\"async\" src=\"https:\/\/alexnabytok.sk\/alexmobiliar\/wp-content\/uploads\/2017\/03\/06_Hulladekgyujtok.jpg\" alt=\"Odpadkov\u00e9 ko\u0161e\"><\/a><\/figure>\n<div class=\"caption caption__portfolio\">\n<h3><a href=\"https:\/\/alexnabytok.sk\/alexmobiliar\/kategoria\/odpadkove-kose\/\">Odpadkov\u00e9 ko\u0161e<\/a><\/h3>\n<\/div>\n<\/div>\n<\/li>\n<li class=\"portfolio_item isotope-item\">\n<div class=\"portfolio_item_holder\">\n<figure class=\"thumbnail thumbnail__portfolio\"><a href=\"https:\/\/alexnabytok.sk\/alexmobiliar\/kategoria\/exterierovy-fitnes\/\" class=\"image-wrap\"><img decoding=\"async\" src=\"https:\/\/alexnabytok.sk\/alexmobiliar\/wp-content\/uploads\/2017\/03\/07_Kulteri_fitness.jpg\" alt=\"Exteri\u00e9rov\u00fd fitnes\"><\/a><\/figure>\n<div class=\"caption caption__portfolio\">\n<h3><a href=\"https:\/\/alexnabytok.sk\/alexmobiliar\/kategoria\/exterierovy-fitnes\/\">Exteri\u00e9rov\u00fd fitnes<\/a><\/h3>\n<\/div>\n<\/div>\n<\/li>\n<li class=\"portfolio_item isotope-item\">\n<div class=\"portfolio_item_holder\">\n<figure class=\"thumbnail thumbnail__portfolio\"><a href=\"https:\/\/alexnabytok.sk\/alexmobiliar\/kategoria\/studne\/\" class=\"image-wrap\"><img decoding=\"async\" src=\"https:\/\/alexnabytok.sk\/alexmobiliar\/wp-content\/uploads\/2017\/03\/08_Kutak.jpg\" alt=\"Studne\"><\/a><\/figure>\n<div class=\"caption caption__portfolio\">\n<h3><a href=\"https:\/\/alexnabytok.sk\/alexmobiliar\/kategoria\/studne\/\">Studne<\/a><\/h3>\n<\/div>\n<\/div>\n<\/li>\n<li class=\"portfolio_item isotope-item\">\n<div class=\"portfolio_item_holder\">\n<figure class=\"thumbnail thumbnail__portfolio\"><a href=\"https:\/\/alexnabytok.sk\/alexmobiliar\/kategoria\/kvetinace\/\" class=\"image-wrap\"><img decoding=\"async\" src=\"https:\/\/alexnabytok.sk\/alexmobiliar\/wp-content\/uploads\/2017\/03\/09_Viragladak.jpg\" alt=\"Kvetin\u00e1\u010de\"><\/a><\/figure>\n<div class=\"caption caption__portfolio\">\n<h3><a href=\"https:\/\/alexnabytok.sk\/alexmobiliar\/kategoria\/kvetinace\/\">Kvetin\u00e1\u010de<\/a><\/h3>\n<\/div>\n<\/div>\n<\/li>\n<li class=\"portfolio_item isotope-item\">\n<div class=\"portfolio_item_holder\">\n<figure class=\"thumbnail thumbnail__portfolio\"><a href=\"https:\/\/alexnabytok.sk\/alexmobiliar\/kategoria\/ulicne-tabule\/\" class=\"image-wrap\"><img decoding=\"async\" src=\"https:\/\/alexnabytok.sk\/alexmobiliar\/wp-content\/uploads\/2017\/03\/10_Utcatablak.jpg\" alt=\"Uli\u010dn\u00e9 tabule\"><\/a><\/figure>\n<div class=\"caption caption__portfolio\">\n<h3><a href=\"https:\/\/alexnabytok.sk\/alexmobiliar\/kategoria\/ulicne-tabule\/\">Uli\u010dn\u00e9 tabule<\/a><\/h3>\n<\/div>\n<\/div>\n<\/li>\n<li class=\"portfolio_item isotope-item\">\n<div class=\"portfolio_item_holder\">\n<figure class=\"thumbnail thumbnail__portfolio\"><a href=\"https:\/\/alexnabytok.sk\/alexmobiliar\/kategoria\/stoziare-na-zastavy\/\" class=\"image-wrap\"><img decoding=\"async\" src=\"https:\/\/alexnabytok.sk\/alexmobiliar\/wp-content\/uploads\/2017\/03\/11_Zaszlorudak.jpg\" alt=\"Sto\u017eiare na z\u00e1stavy\"><\/a><\/figure>\n<div class=\"caption caption__portfolio\">\n<h3><a href=\"https:\/\/alexnabytok.sk\/alexmobiliar\/kategoria\/stoziare-na-zastavy\/\">Sto\u017eiare na z\u00e1stavy<\/a><\/h3>\n<\/div>\n<\/div>\n<\/li>\n<li class=\"portfolio_item isotope-item\">\n<div class=\"portfolio_item_holder\">\n<figure class=\"thumbnail thumbnail__portfolio\"><a href=\"https:\/\/alexnabytok.sk\/alexmobiliar\/kategoria\/autobusove-zastavky\/\" class=\"image-wrap\"><img decoding=\"async\" src=\"https:\/\/alexnabytok.sk\/alexmobiliar\/wp-content\/uploads\/2017\/03\/12_Utasvarok-buszmegallok.jpg\" alt=\"Autobusov\u00e9 zast\u00e1vky\"><\/a><\/figure>\n<div class=\"caption caption__portfolio\">\n<h3><a href=\"https:\/\/alexnabytok.sk\/alexmobiliar\/kategoria\/autobusove-zastavky\/\">Autobusov\u00e9 zast\u00e1vky<\/a><\/h3>\n<\/div>\n<\/div>\n<\/li>\n<li class=\"portfolio_item isotope-item\">\n<div class=\"portfolio_item_holder\">\n<figure class=\"thumbnail thumbnail__portfolio\"><a href=\"https:\/\/alexnabytok.sk\/alexmobiliar\/kategoria\/stojany-na-bicykle\/\" class=\"image-wrap\"><img decoding=\"async\" src=\"https:\/\/alexnabytok.sk\/alexmobiliar\/wp-content\/uploads\/2017\/03\/13_Kerekpartarolok.jpg\" alt=\"Stojany na bicykle\"><\/a><\/figure>\n<div class=\"caption caption__portfolio\">\n<h3><a href=\"https:\/\/alexnabytok.sk\/alexmobiliar\/kategoria\/stojany-na-bicykle\/\">Stojany na bicykle<\/a><\/h3>\n<\/div>\n<\/div>\n<\/li>\n<li class=\"portfolio_item isotope-item\">\n<div class=\"portfolio_item_holder\">\n<figure class=\"thumbnail thumbnail__portfolio\"><a href=\"https:\/\/alexnabytok.sk\/alexmobiliar\/kategoria\/mreze-na-koren-stromu\/\" class=\"image-wrap\"><img decoding=\"async\" src=\"https:\/\/alexnabytok.sk\/alexmobiliar\/wp-content\/uploads\/2017\/03\/14_Faveremracs.jpg\" alt=\"Mre\u017ee na kore\u0148 stromu\"><\/a><\/figure>\n<div class=\"caption caption__portfolio\">\n<h3><a href=\"https:\/\/alexnabytok.sk\/alexmobiliar\/kategoria\/mreze-na-koren-stromu\/\">Mre\u017ee na kore\u0148 stromu<\/a><\/h3>\n<\/div>\n<\/div>\n<\/li>\n<li class=\"portfolio_item isotope-item\">\n<div class=\"portfolio_item_holder\">\n<figure class=\"thumbnail thumbnail__portfolio\"><a href=\"https:\/\/alexnabytok.sk\/alexmobiliar\/kategoria\/kordony-zabrany-stlpy\/\" class=\"image-wrap\"><img decoding=\"async\" src=\"https:\/\/alexnabytok.sk\/alexmobiliar\/wp-content\/uploads\/2017\/03\/15_Terelvalasztok.jpg\" alt=\"Kord\u00f3ny, z\u00e1brany, st\u013apy\"><\/a><\/figure>\n<div class=\"caption caption__portfolio\">\n<h3><a href=\"https:\/\/alexnabytok.sk\/alexmobiliar\/kategoria\/kordony-zabrany-stlpy\/\">Kord\u00f3ny, z\u00e1brany, st\u013apy<\/a><\/h3>\n<\/div>\n<\/div>\n<\/li>\n<li class=\"portfolio_item isotope-item\">\n<div class=\"portfolio_item_holder\">\n<figure class=\"thumbnail thumbnail__portfolio\"><a href=\"https:\/\/alexnabytok.sk\/alexmobiliar\/kategoria\/verejne-toalety\/\" class=\"image-wrap\"><img decoding=\"async\" src=\"https:\/\/alexnabytok.sk\/alexmobiliar\/wp-content\/uploads\/2017\/03\/16_Nyilvanos_WC.jpg\" alt=\"Verejn\u00e9 toalety\"><\/a><\/figure>\n<div class=\"caption caption__portfolio\">\n<h3><a href=\"https:\/\/alexnabytok.sk\/alexmobiliar\/kategoria\/verejne-toalety\/\">Verejn\u00e9 toalety<\/a><\/h3>\n<\/div>\n<\/div>\n<\/li>\n<li class=\"portfolio_item isotope-item\">\n<div class=\"portfolio_item_holder\">\n<figure class=\"thumbnail thumbnail__portfolio\"><a href=\"https:\/\/alexnabytok.sk\/alexmobiliar\/kategoria\/odpadkove-kose-na-psie-exkrementy\/\" class=\"image-wrap\"><img decoding=\"async\" src=\"https:\/\/alexnabytok.sk\/alexmobiliar\/wp-content\/uploads\/2017\/03\/17_Kulteri_kutyatoalett.jpg\" alt=\"Odpadkov\u00e9 ko\u0161e na psie exkrementy\"><\/a><\/figure>\n<div class=\"caption caption__portfolio\">\n<h3><a href=\"https:\/\/alexnabytok.sk\/alexmobiliar\/kategoria\/odpadkove-kose-na-psie-exkrementy\/\">Odpadkov\u00e9 ko\u0161e na psie exkrementy<\/a><\/h3>\n<\/div>\n<\/div>\n<\/li>\n<li class=\"portfolio_item isotope-item\">\n<div class=\"portfolio_item_holder\">\n<figure class=\"thumbnail thumbnail__portfolio\"><a href=\"https:\/\/alexnabytok.sk\/alexmobiliar\/kategoria\/nadoby-na-triedeny-odpad\/\" class=\"image-wrap\"><img decoding=\"async\" src=\"https:\/\/alexnabytok.sk\/alexmobiliar\/wp-content\/uploads\/2017\/03\/18_Szelektiv_gyujtok.jpg\" alt=\"N\u00e1doby na trieden\u00fd odpad\"><\/a><\/figure>\n<div class=\"caption caption__portfolio\">\n<h3><a href=\"https:\/\/alexnabytok.sk\/alexmobiliar\/kategoria\/nadoby-na-triedeny-odpad\/\">N\u00e1doby na trieden\u00fd odpad<\/a><\/h3>\n<\/div>\n<\/div>\n<\/li>\n<li class=\"portfolio_item isotope-item\">\n<div class=\"portfolio_item_holder\">\n<figure class=\"thumbnail thumbnail__portfolio\"><a href=\"https:\/\/alexnabytok.sk\/materskeskoly\/kategoria\/exterierove-hracky\/\" target=\"_blank\" class=\"image-wrap\"><img decoding=\"async\" src=\"https:\/\/alexnabytok.sk\/alexmobiliar\/wp-content\/uploads\/2017\/03\/19_Jatszoteri_jatekok.jpg\" alt=\"Exteri\u00e9rov\u00e9 hra\u010dky\"><\/a><\/figure>\n<div class=\"caption caption__portfolio\">\n<h3><a href=\"https:\/\/alexnabytok.sk\/materskeskoly\/kategoria\/exterierove-hracky\/\" target=\"_blank\">Exteri\u00e9rov\u00e9 hra\u010dky<\/a><\/h3>\n<\/div>\n<\/div>\n<\/li>\n<li class=\"portfolio_item isotope-item\">\n<div class=\"portfolio_item_holder\">\n<figure class=\"thumbnail thumbnail__portfolio\"><a href=\"https:\/\/alexnabytok.sk\/alexmobiliar\/kategoria\/liatinovy-exterierovy-nabytok\/\" class=\"image-wrap\"><img decoding=\"async\" src=\"https:\/\/alexnabytok.sk\/alexmobiliar\/wp-content\/uploads\/2017\/03\/20_Ontott_kulteri_butorok.jpg\" alt=\"Liatinov\u00fd exteri\u00e9rov\u00fd n\u00e1bytok\"><\/a><\/figure>\n<div class=\"caption caption__portfolio\">\n<h3><a href=\"https:\/\/alexnabytok.sk\/alexmobiliar\/kategoria\/liatinovy-exterierovy-nabytok\/\">Liatinov\u00fd exteri\u00e9rov\u00fd n\u00e1bytok<\/a><\/h3>\n<\/div>\n<\/div>\n<\/li>\n<li class=\"portfolio_item isotope-item\">\n<div class=\"portfolio_item_holder\">\n<figure class=\"thumbnail thumbnail__portfolio\"><a href=\"https:\/\/alexnabytok.sk\/alexmobiliar\/kategoria\/exterierove-hudobne-nastroje\/\" class=\"image-wrap\"><img decoding=\"async\" src=\"https:\/\/alexnabytok.sk\/alexmobiliar\/wp-content\/uploads\/2017\/03\/21_Kulteri_zene_eszkozok.jpg\" alt=\"Exteri\u00e9rov\u00e9 hudobn\u00e9 n\u00e1stroje\"><\/a><\/figure>\n<div class=\"caption caption__portfolio\">\n<h3><a href=\"https:\/\/alexnabytok.sk\/alexmobiliar\/kategoria\/exterierove-hudobne-nastroje\/\">Exteri\u00e9rov\u00e9 hudobn\u00e9 n\u00e1stroje<\/a><\/h3>\n<\/div>\n<\/div>\n<\/li>\n","protected":false},"excerpt":{"rendered":"<p>Exteri\u00e9rov\u00e9 a uli\u010dn\u00e9 lavi\u010dky Kateg\u00f3rie produktov Produkty Extreri\u00e9rov\u00e9 stoly Osvetlenie ul\u00edc Odpadkov\u00e9 ko\u0161e Exteri\u00e9rov\u00fd fitnes Studne Kvetin\u00e1\u010de Uli\u010dn\u00e9 tabule Sto\u017eiare na z\u00e1stavy Autobusov\u00e9 zast\u00e1vky Stojany na bicykle Mre\u017ee na kore\u0148 stromu Kord\u00f3ny, z\u00e1brany, st\u013apy Verejn\u00e9 toalety Odpadkov\u00e9 ko\u0161e na psie exkrementy N\u00e1doby na trieden\u00fd odpad Exteri\u00e9rov\u00e9 hra\u010dky Liatinov\u00fd exteri\u00e9rov\u00fd n\u00e1bytok Exteri\u00e9rov\u00e9 hudobn\u00e9 n\u00e1stroje<\/p>\n","protected":false},"author":3,"featured_media":0,"parent":10,"menu_order":0,"comment_status":"closed","ping_status":"closed","template":"page-Portfolio4Cols-alexsub.php","meta":{"footnotes":""},"class_list":["post-40638","page","type-page","status-publish","hentry"],"yoast_head":"<!-- This site is optimized with the Yoast SEO plugin v24.7 - https:\/\/yoast.com\/wordpress\/plugins\/seo\/ -->\n<title>V\u0161etky produkty - MESTSK\u00dd MOBILI\u00c1R<\/title>\n<meta name=\"robots\" content=\"index, follow, max-snippet:-1, max-image-preview:large, max-video-preview:-1\" \/>\n<link rel=\"canonical\" href=\"https:\/\/alexnabytok.sk\/alexmobiliar\/kategoria\/vsetky-produkty\/\" \/>\n<meta property=\"og:locale\" content=\"sk_SK\" \/>\n<meta property=\"og:type\" content=\"article\" \/>\n<meta property=\"og:title\" content=\"V\u0161etky produkty - MESTSK\u00dd MOBILI\u00c1R\" \/>\n<meta property=\"og:description\" content=\"Exteri\u00e9rov\u00e9 a uli\u010dn\u00e9 lavi\u010dky Kateg\u00f3rie produktov Produkty Extreri\u00e9rov\u00e9 stoly Osvetlenie ul\u00edc Odpadkov\u00e9 ko\u0161e Exteri\u00e9rov\u00fd fitnes Studne Kvetin\u00e1\u010de Uli\u010dn\u00e9 tabule Sto\u017eiare na z\u00e1stavy Autobusov\u00e9 zast\u00e1vky Stojany na bicykle Mre\u017ee na kore\u0148 stromu Kord\u00f3ny, z\u00e1brany, st\u013apy Verejn\u00e9 toalety Odpadkov\u00e9 ko\u0161e na psie exkrementy N\u00e1doby na trieden\u00fd odpad Exteri\u00e9rov\u00e9 hra\u010dky Liatinov\u00fd exteri\u00e9rov\u00fd n\u00e1bytok Exteri\u00e9rov\u00e9 hudobn\u00e9 n\u00e1stroje\" \/>\n<meta property=\"og:url\" content=\"https:\/\/alexnabytok.sk\/alexmobiliar\/kategoria\/vsetky-produkty\/\" \/>\n<meta property=\"og:site_name\" content=\"MESTSK\u00dd MOBILI\u00c1R\" \/>\n<meta property=\"article:modified_time\" content=\"2018-09-14T16:34:52+00:00\" \/>\n<meta property=\"og:image\" content=\"https:\/\/alexnabytok.sk\/alexmobiliar\/wp-content\/uploads\/2017\/03\/01_Utcai_es_kulteri_padok.jpg\" \/>\n<meta name=\"twitter:card\" content=\"summary_large_image\" \/>\n<script type=\"application\/ld+json\" class=\"yoast-schema-graph\">{\"@context\":\"https:\/\/schema.org\",\"@graph\":[{\"@type\":\"WebPage\",\"@id\":\"https:\/\/alexnabytok.sk\/alexmobiliar\/kategoria\/vsetky-produkty\/\",\"url\":\"https:\/\/alexnabytok.sk\/alexmobiliar\/kategoria\/vsetky-produkty\/\",\"name\":\"V\u0161etky produkty - MESTSK\u00dd MOBILI\u00c1R\",\"isPartOf\":{\"@id\":\"https:\/\/alexnabytok.sk\/alexmobiliar\/#website\"},\"primaryImageOfPage\":{\"@id\":\"https:\/\/alexnabytok.sk\/alexmobiliar\/kategoria\/vsetky-produkty\/#primaryimage\"},\"image\":{\"@id\":\"https:\/\/alexnabytok.sk\/alexmobiliar\/kategoria\/vsetky-produkty\/#primaryimage\"},\"thumbnailUrl\":\"https:\/\/alexnabytok.sk\/alexmobiliar\/wp-content\/uploads\/2017\/03\/01_Utcai_es_kulteri_padok.jpg\",\"datePublished\":\"2017-03-09T12:48:14+00:00\",\"dateModified\":\"2018-09-14T16:34:52+00:00\",\"breadcrumb\":{\"@id\":\"https:\/\/alexnabytok.sk\/alexmobiliar\/kategoria\/vsetky-produkty\/#breadcrumb\"},\"inLanguage\":\"en-US\",\"potentialAction\":[{\"@type\":\"ReadAction\",\"target\":[\"https:\/\/alexnabytok.sk\/alexmobiliar\/kategoria\/vsetky-produkty\/\"]}]},{\"@type\":\"ImageObject\",\"inLanguage\":\"en-US\",\"@id\":\"https:\/\/alexnabytok.sk\/alexmobiliar\/kategoria\/vsetky-produkty\/#primaryimage\",\"url\":\"https:\/\/alexnabytok.sk\/alexmobiliar\/wp-content\/uploads\/2017\/03\/01_Utcai_es_kulteri_padok.jpg\",\"contentUrl\":\"https:\/\/alexnabytok.sk\/alexmobiliar\/wp-content\/uploads\/2017\/03\/01_Utcai_es_kulteri_padok.jpg\",\"width\":800,\"height\":560},{\"@type\":\"BreadcrumbList\",\"@id\":\"https:\/\/alexnabytok.sk\/alexmobiliar\/kategoria\/vsetky-produkty\/#breadcrumb\",\"itemListElement\":[{\"@type\":\"ListItem\",\"position\":1,\"name\":\"Home\",\"item\":\"https:\/\/alexnabytok.sk\/alexmobiliar\/\"},{\"@type\":\"ListItem\",\"position\":2,\"name\":\"Produkty\",\"item\":\"https:\/\/alexnabytok.sk\/alexmobiliar\/kategoria\/\"},{\"@type\":\"ListItem\",\"position\":3,\"name\":\"V\u0161etky produkty\"}]},{\"@type\":\"WebSite\",\"@id\":\"https:\/\/alexnabytok.sk\/alexmobiliar\/#website\",\"url\":\"https:\/\/alexnabytok.sk\/alexmobiliar\/\",\"name\":\"MESTSK\u00dd MOBILI\u00c1R\",\"description\":\"Alex kovov\u00fd a \u0161kolsk\u00fd n\u00e1bytok s.r.o.\",\"potentialAction\":[{\"@type\":\"SearchAction\",\"target\":{\"@type\":\"EntryPoint\",\"urlTemplate\":\"https:\/\/alexnabytok.sk\/alexmobiliar\/?s={search_term_string}\"},\"query-input\":{\"@type\":\"PropertyValueSpecification\",\"valueRequired\":true,\"valueName\":\"search_term_string\"}}],\"inLanguage\":\"en-US\"}]}<\/script>\n<!-- \/ Yoast SEO plugin. -->","yoast_head_json":{"title":"V\u0161etky produkty - MESTSK\u00dd MOBILI\u00c1R","robots":{"index":"index","follow":"follow","max-snippet":"max-snippet:-1","max-image-preview":"max-image-preview:large","max-video-preview":"max-video-preview:-1"},"canonical":"https:\/\/alexnabytok.sk\/alexmobiliar\/kategoria\/vsetky-produkty\/","og_locale":"sk_SK","og_type":"article","og_title":"V\u0161etky produkty - MESTSK\u00dd MOBILI\u00c1R","og_description":"Exteri\u00e9rov\u00e9 a uli\u010dn\u00e9 lavi\u010dky Kateg\u00f3rie produktov Produkty Extreri\u00e9rov\u00e9 stoly Osvetlenie ul\u00edc Odpadkov\u00e9 ko\u0161e Exteri\u00e9rov\u00fd fitnes Studne Kvetin\u00e1\u010de Uli\u010dn\u00e9 tabule Sto\u017eiare na z\u00e1stavy Autobusov\u00e9 zast\u00e1vky Stojany na bicykle Mre\u017ee na kore\u0148 stromu Kord\u00f3ny, z\u00e1brany, st\u013apy Verejn\u00e9 toalety Odpadkov\u00e9 ko\u0161e na psie exkrementy N\u00e1doby na trieden\u00fd odpad Exteri\u00e9rov\u00e9 hra\u010dky Liatinov\u00fd exteri\u00e9rov\u00fd n\u00e1bytok Exteri\u00e9rov\u00e9 hudobn\u00e9 n\u00e1stroje","og_url":"https:\/\/alexnabytok.sk\/alexmobiliar\/kategoria\/vsetky-produkty\/","og_site_name":"MESTSK\u00dd MOBILI\u00c1R","article_modified_time":"2018-09-14T16:34:52+00:00","og_image":[{"url":"https:\/\/alexnabytok.sk\/alexmobiliar\/wp-content\/uploads\/2017\/03\/01_Utcai_es_kulteri_padok.jpg","type":"","width":"","height":""}],"twitter_card":"summary_large_image","schema":{"@context":"https:\/\/schema.org","@graph":[{"@type":"WebPage","@id":"https:\/\/alexnabytok.sk\/alexmobiliar\/kategoria\/vsetky-produkty\/","url":"https:\/\/alexnabytok.sk\/alexmobiliar\/kategoria\/vsetky-produkty\/","name":"V\u0161etky produkty - MESTSK\u00dd MOBILI\u00c1R","isPartOf":{"@id":"https:\/\/alexnabytok.sk\/alexmobiliar\/#website"},"primaryImageOfPage":{"@id":"https:\/\/alexnabytok.sk\/alexmobiliar\/kategoria\/vsetky-produkty\/#primaryimage"},"image":{"@id":"https:\/\/alexnabytok.sk\/alexmobiliar\/kategoria\/vsetky-produkty\/#primaryimage"},"thumbnailUrl":"https:\/\/alexnabytok.sk\/alexmobiliar\/wp-content\/uploads\/2017\/03\/01_Utcai_es_kulteri_padok.jpg","datePublished":"2017-03-09T12:48:14+00:00","dateModified":"2018-09-14T16:34:52+00:00","breadcrumb":{"@id":"https:\/\/alexnabytok.sk\/alexmobiliar\/kategoria\/vsetky-produkty\/#breadcrumb"},"inLanguage":"en-US","potentialAction":[{"@type":"ReadAction","target":["https:\/\/alexnabytok.sk\/alexmobiliar\/kategoria\/vsetky-produkty\/"]}]},{"@type":"ImageObject","inLanguage":"en-US","@id":"https:\/\/alexnabytok.sk\/alexmobiliar\/kategoria\/vsetky-produkty\/#primaryimage","url":"https:\/\/alexnabytok.sk\/alexmobiliar\/wp-content\/uploads\/2017\/03\/01_Utcai_es_kulteri_padok.jpg","contentUrl":"https:\/\/alexnabytok.sk\/alexmobiliar\/wp-content\/uploads\/2017\/03\/01_Utcai_es_kulteri_padok.jpg","width":800,"height":560},{"@type":"BreadcrumbList","@id":"https:\/\/alexnabytok.sk\/alexmobiliar\/kategoria\/vsetky-produkty\/#breadcrumb","itemListElement":[{"@type":"ListItem","position":1,"name":"Home","item":"https:\/\/alexnabytok.sk\/alexmobiliar\/"},{"@type":"ListItem","position":2,"name":"Produkty","item":"https:\/\/alexnabytok.sk\/alexmobiliar\/kategoria\/"},{"@type":"ListItem","position":3,"name":"V\u0161etky produkty"}]},{"@type":"WebSite","@id":"https:\/\/alexnabytok.sk\/alexmobiliar\/#website","url":"https:\/\/alexnabytok.sk\/alexmobiliar\/","name":"MESTSK\u00dd MOBILI\u00c1R","description":"Alex kovov\u00fd a \u0161kolsk\u00fd n\u00e1bytok s.r.o.","potentialAction":[{"@type":"SearchAction","target":{"@type":"EntryPoint","urlTemplate":"https:\/\/alexnabytok.sk\/alexmobiliar\/?s={search_term_string}"},"query-input":{"@type":"PropertyValueSpecification","valueRequired":true,"valueName":"search_term_string"}}],"inLanguage":"en-US"}]}},"_links":{"self":[{"href":"https:\/\/alexnabytok.sk\/alexmobiliar\/wp-json\/wp\/v2\/pages\/40638","targetHints":{"allow":["GET"]}}],"collection":[{"href":"https:\/\/alexnabytok.sk\/alexmobiliar\/wp-json\/wp\/v2\/pages"}],"about":[{"href":"https:\/\/alexnabytok.sk\/alexmobiliar\/wp-json\/wp\/v2\/types\/page"}],"author":[{"embeddable":true,"href":"https:\/\/alexnabytok.sk\/alexmobiliar\/wp-json\/wp\/v2\/users\/3"}],"replies":[{"embeddable":true,"href":"https:\/\/alexnabytok.sk\/alexmobiliar\/wp-json\/wp\/v2\/comments?post=40638"}],"version-history":[{"count":0,"href":"https:\/\/alexnabytok.sk\/alexmobiliar\/wp-json\/wp\/v2\/pages\/40638\/revisions"}],"up":[{"embeddable":true,"href":"https:\/\/alexnabytok.sk\/alexmobiliar\/wp-json\/wp\/v2\/pages\/10"}],"wp:attachment":[{"href":"https:\/\/alexnabytok.sk\/alexmobiliar\/wp-json\/wp\/v2\/media?parent=40638"}],"curies":[{"name":"wp","href":"https:\/\/api.w.org\/{rel}","templated":true}]}}