{"id":19,"date":"2016-06-08T07:58:50","date_gmt":"2016-06-08T07:58:50","guid":{"rendered":"http:\/\/szallodabutor.hu\/?page_id=19"},"modified":"2025-08-07T12:29:30","modified_gmt":"2025-08-07T12:29:30","slug":"kontakty","status":"publish","type":"page","link":"https:\/\/alexnabytok.sk\/hotelovynabytok\/kontakty\/","title":{"rendered":"Kontakty"},"content":{"rendered":"<div class=\"row \">\n<div class=\"span4 \"><h3>Z\u00e1kladn\u00e9 inform\u00e1cie<\/h3>\n<h4><strong>Alex kovov\u00fd a \u0161kolsk\u00fd n\u00e1bytok s.r.o.<br \/>\nHadovsk\u00e1 870<br \/>\n945 01 Kom\u00e1rno<\/strong><\/h4>\n<p><strong>I\u010cO:<\/strong> 36 553 859<br \/>\n<strong>I\u010c DPH:<\/strong> SK2020161066<\/p>\n<div class=\"address-title-column\"><strong>E-mail:<\/strong><br \/>\n<strong>Telefon:<\/strong><br \/>\n<strong>Mobil:<\/strong><br \/>\n<strong>Fax:<\/strong><\/div>\n<div class=\"address-data-column\"><a class=\"alex-contact-mail\" href=\"mailto:alexnabytok@alexnabytok.sk\">alexnabytok@alexnabytok.sk<\/a><br \/>\n00421 35 7742 355<br \/>\n00421  905 260 130<br \/>\n00421 35 7742 356<\/div>\n<h4><strong>OBCHODN\u00dd RIADITE\u013d<\/strong><\/h3>\n<p>Bc. Katar\u00edna Felgerov\u00e1<br \/>\n00421 905 450 130<br \/><\/div>\n<div class=\"span8 \"><h3>KONTAKTN\u00dd FORMUL\u00c1R<\/h3>\n\n<div class=\"wpcf7 no-js\" id=\"wpcf7-f16685-o1\" lang=\"hu-HU\" dir=\"ltr\">\n<div class=\"screen-reader-response\"><p role=\"status\" aria-live=\"polite\" aria-atomic=\"true\"><\/p> <ul><\/ul><\/div>\n<form action=\"\/hotelovynabytok\/wp-json\/wp\/v2\/pages\/19#wpcf7-f16685-o1\" method=\"post\" class=\"wpcf7-form init\" aria-label=\"Contact form\" novalidate=\"novalidate\" data-status=\"init\">\n<div style=\"display: none;\">\n<input type=\"hidden\" name=\"_wpcf7\" value=\"16685\" \/>\n<input type=\"hidden\" name=\"_wpcf7_version\" value=\"5.9.8\" \/>\n<input type=\"hidden\" name=\"_wpcf7_locale\" value=\"hu_HU\" \/>\n<input type=\"hidden\" name=\"_wpcf7_unit_tag\" value=\"wpcf7-f16685-o1\" \/>\n<input type=\"hidden\" name=\"_wpcf7_container_post\" value=\"0\" \/>\n<input type=\"hidden\" name=\"_wpcf7_posted_data_hash\" value=\"\" \/>\n<input type=\"hidden\" name=\"_wpcf7_recaptcha_response\" value=\"\" \/>\n<\/div>\n<div class=\"row-fluid\">\n<p class=\"span6 field\"><span class=\"wpcf7-form-control-wrap\" data-name=\"your-name\"><input size=\"40\" maxlength=\"400\" class=\"wpcf7-form-control wpcf7-text wpcf7-validates-as-required\" aria-required=\"true\" aria-invalid=\"false\" placeholder=\"Meno \/ N\u00e1zov spolo\u010dnosti:\" value=\"\" type=\"text\" name=\"your-name\" \/><\/span> <\/p>\n<p class=\"span6 field\"><span class=\"wpcf7-form-control-wrap\" data-name=\"your-email\"><input size=\"40\" maxlength=\"400\" class=\"wpcf7-form-control wpcf7-email wpcf7-validates-as-required wpcf7-text wpcf7-validates-as-email\" aria-required=\"true\" aria-invalid=\"false\" placeholder=\"E-mail:\" value=\"\" type=\"email\" name=\"your-email\" \/><\/span> <\/p>\n<p class=\"span6 field\" style=\"margin-left: 0;\"><span class=\"wpcf7-form-control-wrap\" data-name=\"text-748\"><input size=\"40\" maxlength=\"400\" class=\"wpcf7-form-control wpcf7-text\" aria-invalid=\"false\" placeholder=\"Telef\u00f3n:\" value=\"\" type=\"text\" name=\"text-748\" \/><\/span> <\/p>\n<p class=\"span6 field\"><span class=\"wpcf7-form-control-wrap\" data-name=\"text-697\"><input size=\"40\" maxlength=\"400\" class=\"wpcf7-form-control wpcf7-text\" aria-invalid=\"false\" placeholder=\"Inform\u00e1cie k z\u013eav\u00e1m:\" value=\"\" type=\"text\" name=\"text-697\" \/><\/span> <\/p>\n<\/div>\n<p class=\"field\"><span class=\"wpcf7-form-control-wrap\" data-name=\"your-message\"><textarea cols=\"40\" rows=\"10\" maxlength=\"2000\" class=\"wpcf7-form-control wpcf7-textarea\" aria-invalid=\"false\" placeholder=\"TEXT:\" name=\"your-message\"><\/textarea><\/span> <\/p>\n<p class=\"submit-wrap\"><input type=\"reset\" value=\"VYMA\u017d\" class=\"btn btn-primary\" \/><input class=\"wpcf7-form-control wpcf7-submit has-spinner btn btn-primary\" type=\"submit\" value=\"ODO\u0160LI\" \/><\/p><p style=\"display: none !important;\" class=\"akismet-fields-container\" data-prefix=\"_wpcf7_ak_\"><label>&#916;<textarea name=\"_wpcf7_ak_hp_textarea\" cols=\"45\" rows=\"8\" maxlength=\"100\"><\/textarea><\/label><input type=\"hidden\" id=\"ak_js_1\" name=\"_wpcf7_ak_js\" value=\"139\"\/><script>document.getElementById( \"ak_js_1\" ).setAttribute( \"value\", ( new Date() ).getTime() );<\/script><\/p><div class=\"wpcf7-response-output\" aria-hidden=\"true\"><\/div>\n<\/form>\n<\/div>\n\n<strong>S na\u0161imi produktmi vieme uspokoji\u0165 po\u017eiadavky akejko\u013evek in\u0161tit\u00facie alebo podniku. Jednokusov\u00e9 po\u017eiadavky alebo objedn\u00e1vky nevieme uspokoji\u0165. Po\u0161lite n\u00e1m svoju po\u017eiadavku, po\u0161leme V\u00e1m na\u0161u projektov\u00fa cenu!<\/strong><br \/><\/div>\n<div class=\"spacer\"><\/div><!-- .spacer (end) -->\n<\/div><!-- .row (end) -->\n<div class=\"spacer\"><\/div><!-- .spacer (end) -->\n<div class=\"row \">\n<div class=\"span4 \"><div class=\"spacer\"><\/div><!-- .spacer (end) -->\n<h3>Obchodn\u00e1 kancel\u00e1ria<\/h3>\n<div class=\"address-title-column\"><strong>Otv\u00e1racie hodiny :<\/strong><\/p>\n<\/div>\n<div class=\"address-data-column\">Po-Pia 08:00-16:00<\/p>\n<\/div>\n<p><strong>Dohodnite si stretnutie na<\/strong><br \/>alexnabytok@alexnabytok.sk, alebo na<br \/>\ntel. \u010c\u00edsle 00421 905 260 130 <\/p>\n<div class=\"spacer\"><\/div><!-- .spacer (end) --><\/div>\n<div class=\"span8 \"><div class=\"spacer\"><\/div><!-- .spacer (end) -->\n<img loading=\"lazy\" decoding=\"async\" class=\"alignnone size-full\" src=\"https:\/\/alexnabytok.sk\/hotelovynabytok\/wp-content\/uploads\/2025\/08\/kontakty.webp\" width=\"800\" height=\"320\" \/><br \/>\n<div class=\"spacer\"><\/div><!-- .spacer (end) --><\/div>\n<div class=\"spacer\"><\/div><!-- .spacer (end) -->\n<\/div><!-- .row (end) -->\n<div class=\"row \">\n<div class=\"span12 \">\n<section class=\"lazy-load-box effect-zoomin\" data-delay=\"200\" data-speed=\"1200\" style=\"transition: all 1200ms ease; opacity: 1;\">\n<ul class=\"recent-posts-cust banner_list unstyled\" style=\"margin-bottom: -8px;\"><iframe loading=\"lazy\" style=\"border: 0;\" src=\"https:\/\/www.google.com\/maps\/embed?pb=!1m18!1m12!1m3!1d2681.5790999337282!2d18.091889815406656!3d47.77021787919584!2m3!1f0!2f0!3f0!3m2!1i1024!2i768!4f13.1!3m3!1m2!1s0x476bad7a614282b9%3A0xdef2e8c6e945eece!2sHadovsk%C3%A1+cesta+870%2C+945+01+Kom%C3%A1rno%2C+Szlov%C3%A1kia!5e0!3m2!1shu!2shu!4v1493038808914\" width=\"1920\" height=\"600\" frameborder=\"0\" allowfullscreen=\"allowfullscreen\"><\/iframe><\/ul>\n<\/section>\n<\/div>\n<\/div>\n","protected":false},"excerpt":{"rendered":"","protected":false},"author":3,"featured_media":0,"parent":0,"menu_order":0,"comment_status":"closed","ping_status":"closed","template":"page-fullwidth.php","meta":{"footnotes":""},"class_list":["post-19","page","type-page","status-publish","hentry"],"yoast_head":"<!-- This site is optimized with the Yoast SEO plugin v24.7 - https:\/\/yoast.com\/wordpress\/plugins\/seo\/ -->\n<title>Kontakty - HOTEL-GASTRO N\u00c1BYTOK<\/title>\n<meta name=\"robots\" content=\"index, follow, max-snippet:-1, max-image-preview:large, max-video-preview:-1\" \/>\n<link rel=\"canonical\" href=\"https:\/\/alexnabytok.sk\/hotelovynabytok\/kontakty\/\" \/>\n<meta property=\"og:locale\" content=\"sk_SK\" \/>\n<meta property=\"og:type\" content=\"article\" \/>\n<meta property=\"og:title\" content=\"Kontakty - HOTEL-GASTRO N\u00c1BYTOK\" \/>\n<meta property=\"og:url\" content=\"https:\/\/alexnabytok.sk\/hotelovynabytok\/kontakty\/\" \/>\n<meta property=\"og:site_name\" content=\"HOTEL-GASTRO N\u00c1BYTOK\" \/>\n<meta property=\"article:modified_time\" content=\"2025-08-07T12:29:30+00:00\" \/>\n<meta property=\"og:image\" content=\"https:\/\/alexnabytok.sk\/hotelovynabytok\/wp-content\/uploads\/2025\/08\/kontakty.webp\" \/>\n<meta name=\"twitter:card\" content=\"summary_large_image\" \/>\n<meta name=\"twitter:label1\" content=\"Est. reading time\" \/>\n\t<meta name=\"twitter:data1\" content=\"1 minute\" \/>\n<script type=\"application\/ld+json\" class=\"yoast-schema-graph\">{\"@context\":\"https:\/\/schema.org\",\"@graph\":[{\"@type\":\"WebPage\",\"@id\":\"https:\/\/alexnabytok.sk\/hotelovynabytok\/kontakty\/\",\"url\":\"https:\/\/alexnabytok.sk\/hotelovynabytok\/kontakty\/\",\"name\":\"Kontakty - HOTEL-GASTRO N\u00c1BYTOK\",\"isPartOf\":{\"@id\":\"https:\/\/alexnabytok.sk\/hotelovynabytok\/#website\"},\"primaryImageOfPage\":{\"@id\":\"https:\/\/alexnabytok.sk\/hotelovynabytok\/kontakty\/#primaryimage\"},\"image\":{\"@id\":\"https:\/\/alexnabytok.sk\/hotelovynabytok\/kontakty\/#primaryimage\"},\"thumbnailUrl\":\"https:\/\/alexnabytok.sk\/hotelovynabytok\/wp-content\/uploads\/2025\/08\/kontakty.webp\",\"datePublished\":\"2016-06-08T07:58:50+00:00\",\"dateModified\":\"2025-08-07T12:29:30+00:00\",\"breadcrumb\":{\"@id\":\"https:\/\/alexnabytok.sk\/hotelovynabytok\/kontakty\/#breadcrumb\"},\"inLanguage\":\"en-US\",\"potentialAction\":[{\"@type\":\"ReadAction\",\"target\":[\"https:\/\/alexnabytok.sk\/hotelovynabytok\/kontakty\/\"]}]},{\"@type\":\"ImageObject\",\"inLanguage\":\"en-US\",\"@id\":\"https:\/\/alexnabytok.sk\/hotelovynabytok\/kontakty\/#primaryimage\",\"url\":\"https:\/\/alexnabytok.sk\/hotelovynabytok\/wp-content\/uploads\/2025\/08\/kontakty.webp\",\"contentUrl\":\"https:\/\/alexnabytok.sk\/hotelovynabytok\/wp-content\/uploads\/2025\/08\/kontakty.webp\",\"width\":800,\"height\":320},{\"@type\":\"BreadcrumbList\",\"@id\":\"https:\/\/alexnabytok.sk\/hotelovynabytok\/kontakty\/#breadcrumb\",\"itemListElement\":[{\"@type\":\"ListItem\",\"position\":1,\"name\":\"Home\",\"item\":\"https:\/\/alexnabytok.sk\/hotelovynabytok\/\"},{\"@type\":\"ListItem\",\"position\":2,\"name\":\"Kontakty\"}]},{\"@type\":\"WebSite\",\"@id\":\"https:\/\/alexnabytok.sk\/hotelovynabytok\/#website\",\"url\":\"https:\/\/alexnabytok.sk\/hotelovynabytok\/\",\"name\":\"HOTEL-GASTRO N\u00c1BYTOK\",\"description\":\"Alex kovov\u00fd a \u0161kolsk\u00fd n\u00e1bytok s.r.o.\",\"potentialAction\":[{\"@type\":\"SearchAction\",\"target\":{\"@type\":\"EntryPoint\",\"urlTemplate\":\"https:\/\/alexnabytok.sk\/hotelovynabytok\/?s={search_term_string}\"},\"query-input\":{\"@type\":\"PropertyValueSpecification\",\"valueRequired\":true,\"valueName\":\"search_term_string\"}}],\"inLanguage\":\"en-US\"}]}<\/script>\n<!-- \/ Yoast SEO plugin. -->","yoast_head_json":{"title":"Kontakty - HOTEL-GASTRO N\u00c1BYTOK","robots":{"index":"index","follow":"follow","max-snippet":"max-snippet:-1","max-image-preview":"max-image-preview:large","max-video-preview":"max-video-preview:-1"},"canonical":"https:\/\/alexnabytok.sk\/hotelovynabytok\/kontakty\/","og_locale":"sk_SK","og_type":"article","og_title":"Kontakty - HOTEL-GASTRO N\u00c1BYTOK","og_url":"https:\/\/alexnabytok.sk\/hotelovynabytok\/kontakty\/","og_site_name":"HOTEL-GASTRO N\u00c1BYTOK","article_modified_time":"2025-08-07T12:29:30+00:00","og_image":[{"url":"https:\/\/alexnabytok.sk\/hotelovynabytok\/wp-content\/uploads\/2025\/08\/kontakty.webp","type":"","width":"","height":""}],"twitter_card":"summary_large_image","twitter_misc":{"Est. reading time":"1 minute"},"schema":{"@context":"https:\/\/schema.org","@graph":[{"@type":"WebPage","@id":"https:\/\/alexnabytok.sk\/hotelovynabytok\/kontakty\/","url":"https:\/\/alexnabytok.sk\/hotelovynabytok\/kontakty\/","name":"Kontakty - HOTEL-GASTRO N\u00c1BYTOK","isPartOf":{"@id":"https:\/\/alexnabytok.sk\/hotelovynabytok\/#website"},"primaryImageOfPage":{"@id":"https:\/\/alexnabytok.sk\/hotelovynabytok\/kontakty\/#primaryimage"},"image":{"@id":"https:\/\/alexnabytok.sk\/hotelovynabytok\/kontakty\/#primaryimage"},"thumbnailUrl":"https:\/\/alexnabytok.sk\/hotelovynabytok\/wp-content\/uploads\/2025\/08\/kontakty.webp","datePublished":"2016-06-08T07:58:50+00:00","dateModified":"2025-08-07T12:29:30+00:00","breadcrumb":{"@id":"https:\/\/alexnabytok.sk\/hotelovynabytok\/kontakty\/#breadcrumb"},"inLanguage":"en-US","potentialAction":[{"@type":"ReadAction","target":["https:\/\/alexnabytok.sk\/hotelovynabytok\/kontakty\/"]}]},{"@type":"ImageObject","inLanguage":"en-US","@id":"https:\/\/alexnabytok.sk\/hotelovynabytok\/kontakty\/#primaryimage","url":"https:\/\/alexnabytok.sk\/hotelovynabytok\/wp-content\/uploads\/2025\/08\/kontakty.webp","contentUrl":"https:\/\/alexnabytok.sk\/hotelovynabytok\/wp-content\/uploads\/2025\/08\/kontakty.webp","width":800,"height":320},{"@type":"BreadcrumbList","@id":"https:\/\/alexnabytok.sk\/hotelovynabytok\/kontakty\/#breadcrumb","itemListElement":[{"@type":"ListItem","position":1,"name":"Home","item":"https:\/\/alexnabytok.sk\/hotelovynabytok\/"},{"@type":"ListItem","position":2,"name":"Kontakty"}]},{"@type":"WebSite","@id":"https:\/\/alexnabytok.sk\/hotelovynabytok\/#website","url":"https:\/\/alexnabytok.sk\/hotelovynabytok\/","name":"HOTEL-GASTRO N\u00c1BYTOK","description":"Alex kovov\u00fd a \u0161kolsk\u00fd n\u00e1bytok s.r.o.","potentialAction":[{"@type":"SearchAction","target":{"@type":"EntryPoint","urlTemplate":"https:\/\/alexnabytok.sk\/hotelovynabytok\/?s={search_term_string}"},"query-input":{"@type":"PropertyValueSpecification","valueRequired":true,"valueName":"search_term_string"}}],"inLanguage":"en-US"}]}},"_links":{"self":[{"href":"https:\/\/alexnabytok.sk\/hotelovynabytok\/wp-json\/wp\/v2\/pages\/19","targetHints":{"allow":["GET"]}}],"collection":[{"href":"https:\/\/alexnabytok.sk\/hotelovynabytok\/wp-json\/wp\/v2\/pages"}],"about":[{"href":"https:\/\/alexnabytok.sk\/hotelovynabytok\/wp-json\/wp\/v2\/types\/page"}],"author":[{"embeddable":true,"href":"https:\/\/alexnabytok.sk\/hotelovynabytok\/wp-json\/wp\/v2\/users\/3"}],"replies":[{"embeddable":true,"href":"https:\/\/alexnabytok.sk\/hotelovynabytok\/wp-json\/wp\/v2\/comments?post=19"}],"version-history":[{"count":13,"href":"https:\/\/alexnabytok.sk\/hotelovynabytok\/wp-json\/wp\/v2\/pages\/19\/revisions"}],"predecessor-version":[{"id":133421,"href":"https:\/\/alexnabytok.sk\/hotelovynabytok\/wp-json\/wp\/v2\/pages\/19\/revisions\/133421"}],"wp:attachment":[{"href":"https:\/\/alexnabytok.sk\/hotelovynabytok\/wp-json\/wp\/v2\/media?parent=19"}],"curies":[{"name":"wp","href":"https:\/\/api.w.org\/{rel}","templated":true}]}}