{"id":41797,"date":"2017-05-08T08:48:28","date_gmt":"2017-05-08T08:48:28","guid":{"rendered":"http:\/\/alexbutor.hu\/ovodabutor\/?page_id=41797"},"modified":"2017-10-18T06:25:25","modified_gmt":"2017-10-18T06:25:25","slug":"sedacka-kvet","status":"publish","type":"page","link":"https:\/\/alexnabytok.sk\/materskeskoly\/kategoria\/stolicky-a-stoly-pre-mateske-skoly-a-jasle\/relaxacne-segmenty\/sedacka-kvet\/","title":{"rendered":"Seda\u010dka kvet"},"content":{"rendered":"","protected":false},"excerpt":{"rendered":"","protected":false},"author":1,"featured_media":47644,"parent":41793,"menu_order":0,"comment_status":"closed","ping_status":"closed","template":"page-Portfolio4Cols-filterable.php","meta":{"footnotes":""},"class_list":["post-41797","page","type-page","status-publish","has-post-thumbnail","hentry"],"yoast_head":"<!-- This site is optimized with the Yoast SEO plugin v24.7 - https:\/\/yoast.com\/wordpress\/plugins\/seo\/ -->\n<title>Seda\u010dka kvet - N\u00c1BYTOK PRE MATERSK\u00c9 \u0160KOLY<\/title>\n<meta name=\"robots\" content=\"index, follow, max-snippet:-1, max-image-preview:large, max-video-preview:-1\" \/>\n<link rel=\"canonical\" href=\"https:\/\/alexnabytok.sk\/materskeskoly\/kategoria\/stolicky-a-stoly-pre-mateske-skoly-a-jasle\/relaxacne-segmenty\/sedacka-kvet\/\" \/>\n<meta property=\"og:locale\" content=\"sk_SK\" \/>\n<meta property=\"og:type\" content=\"article\" \/>\n<meta property=\"og:title\" content=\"Seda\u010dka kvet - N\u00c1BYTOK PRE MATERSK\u00c9 \u0160KOLY\" \/>\n<meta property=\"og:url\" content=\"https:\/\/alexnabytok.sk\/materskeskoly\/kategoria\/stolicky-a-stoly-pre-mateske-skoly-a-jasle\/relaxacne-segmenty\/sedacka-kvet\/\" \/>\n<meta property=\"og:site_name\" content=\"N\u00c1BYTOK PRE MATERSK\u00c9 \u0160KOLY\" \/>\n<meta property=\"article:modified_time\" content=\"2017-10-18T06:25:25+00:00\" \/>\n<meta property=\"og:image\" content=\"https:\/\/alexnabytok.sk\/materskeskoly\/wp-content\/uploads\/2017\/05\/Ovodabutor_kategoria_1-8-Pihenobutorok-2-Virag_ulogarnitura.jpg\" \/>\n\t<meta property=\"og:image:width\" content=\"800\" \/>\n\t<meta property=\"og:image:height\" content=\"560\" \/>\n\t<meta property=\"og:image:type\" content=\"image\/jpeg\" \/>\n<meta name=\"twitter:card\" content=\"summary_large_image\" \/>\n<script type=\"application\/ld+json\" class=\"yoast-schema-graph\">{\"@context\":\"https:\/\/schema.org\",\"@graph\":[{\"@type\":\"WebPage\",\"@id\":\"https:\/\/alexnabytok.sk\/materskeskoly\/kategoria\/stolicky-a-stoly-pre-mateske-skoly-a-jasle\/relaxacne-segmenty\/sedacka-kvet\/\",\"url\":\"https:\/\/alexnabytok.sk\/materskeskoly\/kategoria\/stolicky-a-stoly-pre-mateske-skoly-a-jasle\/relaxacne-segmenty\/sedacka-kvet\/\",\"name\":\"Seda\u010dka kvet - N\u00c1BYTOK PRE MATERSK\u00c9 \u0160KOLY\",\"isPartOf\":{\"@id\":\"https:\/\/alexnabytok.sk\/materskeskoly\/#website\"},\"primaryImageOfPage\":{\"@id\":\"https:\/\/alexnabytok.sk\/materskeskoly\/kategoria\/stolicky-a-stoly-pre-mateske-skoly-a-jasle\/relaxacne-segmenty\/sedacka-kvet\/#primaryimage\"},\"image\":{\"@id\":\"https:\/\/alexnabytok.sk\/materskeskoly\/kategoria\/stolicky-a-stoly-pre-mateske-skoly-a-jasle\/relaxacne-segmenty\/sedacka-kvet\/#primaryimage\"},\"thumbnailUrl\":\"https:\/\/alexnabytok.sk\/materskeskoly\/wp-content\/uploads\/2017\/05\/Ovodabutor_kategoria_1-8-Pihenobutorok-2-Virag_ulogarnitura.jpg\",\"datePublished\":\"2017-05-08T08:48:28+00:00\",\"dateModified\":\"2017-10-18T06:25:25+00:00\",\"breadcrumb\":{\"@id\":\"https:\/\/alexnabytok.sk\/materskeskoly\/kategoria\/stolicky-a-stoly-pre-mateske-skoly-a-jasle\/relaxacne-segmenty\/sedacka-kvet\/#breadcrumb\"},\"inLanguage\":\"en-US\",\"potentialAction\":[{\"@type\":\"ReadAction\",\"target\":[\"https:\/\/alexnabytok.sk\/materskeskoly\/kategoria\/stolicky-a-stoly-pre-mateske-skoly-a-jasle\/relaxacne-segmenty\/sedacka-kvet\/\"]}]},{\"@type\":\"ImageObject\",\"inLanguage\":\"en-US\",\"@id\":\"https:\/\/alexnabytok.sk\/materskeskoly\/kategoria\/stolicky-a-stoly-pre-mateske-skoly-a-jasle\/relaxacne-segmenty\/sedacka-kvet\/#primaryimage\",\"url\":\"https:\/\/alexnabytok.sk\/materskeskoly\/wp-content\/uploads\/2017\/05\/Ovodabutor_kategoria_1-8-Pihenobutorok-2-Virag_ulogarnitura.jpg\",\"contentUrl\":\"https:\/\/alexnabytok.sk\/materskeskoly\/wp-content\/uploads\/2017\/05\/Ovodabutor_kategoria_1-8-Pihenobutorok-2-Virag_ulogarnitura.jpg\",\"width\":800,\"height\":560},{\"@type\":\"BreadcrumbList\",\"@id\":\"https:\/\/alexnabytok.sk\/materskeskoly\/kategoria\/stolicky-a-stoly-pre-mateske-skoly-a-jasle\/relaxacne-segmenty\/sedacka-kvet\/#breadcrumb\",\"itemListElement\":[{\"@type\":\"ListItem\",\"position\":1,\"name\":\"Home\",\"item\":\"https:\/\/alexnabytok.sk\/materskeskoly\/\"},{\"@type\":\"ListItem\",\"position\":2,\"name\":\"Produkty\",\"item\":\"https:\/\/alexnabytok.sk\/materskeskoly\/kategoria\/\"},{\"@type\":\"ListItem\",\"position\":3,\"name\":\"Stoli\u010dky a stoly pre matesk\u00e9 \u0161koly a jasle\",\"item\":\"https:\/\/alexnabytok.sk\/materskeskoly\/kategoria\/stolicky-a-stoly-pre-mateske-skoly-a-jasle\/\"},{\"@type\":\"ListItem\",\"position\":4,\"name\":\"Relaxa\u010dn\u00e9 segmenty\",\"item\":\"https:\/\/alexnabytok.sk\/materskeskoly\/kategoria\/stolicky-a-stoly-pre-mateske-skoly-a-jasle\/relaxacne-segmenty\/\"},{\"@type\":\"ListItem\",\"position\":5,\"name\":\"Seda\u010dka kvet\"}]},{\"@type\":\"WebSite\",\"@id\":\"https:\/\/alexnabytok.sk\/materskeskoly\/#website\",\"url\":\"https:\/\/alexnabytok.sk\/materskeskoly\/\",\"name\":\"N\u00c1BYTOK PRE MATERSK\u00c9 \u0160KOLY\",\"description\":\"Alex kovov\u00fd a \u0161kolsk\u00fd n\u00e1bytok s.r.o.\",\"potentialAction\":[{\"@type\":\"SearchAction\",\"target\":{\"@type\":\"EntryPoint\",\"urlTemplate\":\"https:\/\/alexnabytok.sk\/materskeskoly\/?s={search_term_string}\"},\"query-input\":{\"@type\":\"PropertyValueSpecification\",\"valueRequired\":true,\"valueName\":\"search_term_string\"}}],\"inLanguage\":\"en-US\"}]}<\/script>\n<!-- \/ Yoast SEO plugin. -->","yoast_head_json":{"title":"Seda\u010dka kvet - N\u00c1BYTOK PRE MATERSK\u00c9 \u0160KOLY","robots":{"index":"index","follow":"follow","max-snippet":"max-snippet:-1","max-image-preview":"max-image-preview:large","max-video-preview":"max-video-preview:-1"},"canonical":"https:\/\/alexnabytok.sk\/materskeskoly\/kategoria\/stolicky-a-stoly-pre-mateske-skoly-a-jasle\/relaxacne-segmenty\/sedacka-kvet\/","og_locale":"sk_SK","og_type":"article","og_title":"Seda\u010dka kvet - N\u00c1BYTOK PRE MATERSK\u00c9 \u0160KOLY","og_url":"https:\/\/alexnabytok.sk\/materskeskoly\/kategoria\/stolicky-a-stoly-pre-mateske-skoly-a-jasle\/relaxacne-segmenty\/sedacka-kvet\/","og_site_name":"N\u00c1BYTOK PRE MATERSK\u00c9 \u0160KOLY","article_modified_time":"2017-10-18T06:25:25+00:00","og_image":[{"width":800,"height":560,"url":"https:\/\/alexnabytok.sk\/materskeskoly\/wp-content\/uploads\/2017\/05\/Ovodabutor_kategoria_1-8-Pihenobutorok-2-Virag_ulogarnitura.jpg","type":"image\/jpeg"}],"twitter_card":"summary_large_image","schema":{"@context":"https:\/\/schema.org","@graph":[{"@type":"WebPage","@id":"https:\/\/alexnabytok.sk\/materskeskoly\/kategoria\/stolicky-a-stoly-pre-mateske-skoly-a-jasle\/relaxacne-segmenty\/sedacka-kvet\/","url":"https:\/\/alexnabytok.sk\/materskeskoly\/kategoria\/stolicky-a-stoly-pre-mateske-skoly-a-jasle\/relaxacne-segmenty\/sedacka-kvet\/","name":"Seda\u010dka kvet - N\u00c1BYTOK PRE MATERSK\u00c9 \u0160KOLY","isPartOf":{"@id":"https:\/\/alexnabytok.sk\/materskeskoly\/#website"},"primaryImageOfPage":{"@id":"https:\/\/alexnabytok.sk\/materskeskoly\/kategoria\/stolicky-a-stoly-pre-mateske-skoly-a-jasle\/relaxacne-segmenty\/sedacka-kvet\/#primaryimage"},"image":{"@id":"https:\/\/alexnabytok.sk\/materskeskoly\/kategoria\/stolicky-a-stoly-pre-mateske-skoly-a-jasle\/relaxacne-segmenty\/sedacka-kvet\/#primaryimage"},"thumbnailUrl":"https:\/\/alexnabytok.sk\/materskeskoly\/wp-content\/uploads\/2017\/05\/Ovodabutor_kategoria_1-8-Pihenobutorok-2-Virag_ulogarnitura.jpg","datePublished":"2017-05-08T08:48:28+00:00","dateModified":"2017-10-18T06:25:25+00:00","breadcrumb":{"@id":"https:\/\/alexnabytok.sk\/materskeskoly\/kategoria\/stolicky-a-stoly-pre-mateske-skoly-a-jasle\/relaxacne-segmenty\/sedacka-kvet\/#breadcrumb"},"inLanguage":"en-US","potentialAction":[{"@type":"ReadAction","target":["https:\/\/alexnabytok.sk\/materskeskoly\/kategoria\/stolicky-a-stoly-pre-mateske-skoly-a-jasle\/relaxacne-segmenty\/sedacka-kvet\/"]}]},{"@type":"ImageObject","inLanguage":"en-US","@id":"https:\/\/alexnabytok.sk\/materskeskoly\/kategoria\/stolicky-a-stoly-pre-mateske-skoly-a-jasle\/relaxacne-segmenty\/sedacka-kvet\/#primaryimage","url":"https:\/\/alexnabytok.sk\/materskeskoly\/wp-content\/uploads\/2017\/05\/Ovodabutor_kategoria_1-8-Pihenobutorok-2-Virag_ulogarnitura.jpg","contentUrl":"https:\/\/alexnabytok.sk\/materskeskoly\/wp-content\/uploads\/2017\/05\/Ovodabutor_kategoria_1-8-Pihenobutorok-2-Virag_ulogarnitura.jpg","width":800,"height":560},{"@type":"BreadcrumbList","@id":"https:\/\/alexnabytok.sk\/materskeskoly\/kategoria\/stolicky-a-stoly-pre-mateske-skoly-a-jasle\/relaxacne-segmenty\/sedacka-kvet\/#breadcrumb","itemListElement":[{"@type":"ListItem","position":1,"name":"Home","item":"https:\/\/alexnabytok.sk\/materskeskoly\/"},{"@type":"ListItem","position":2,"name":"Produkty","item":"https:\/\/alexnabytok.sk\/materskeskoly\/kategoria\/"},{"@type":"ListItem","position":3,"name":"Stoli\u010dky a stoly pre matesk\u00e9 \u0161koly a jasle","item":"https:\/\/alexnabytok.sk\/materskeskoly\/kategoria\/stolicky-a-stoly-pre-mateske-skoly-a-jasle\/"},{"@type":"ListItem","position":4,"name":"Relaxa\u010dn\u00e9 segmenty","item":"https:\/\/alexnabytok.sk\/materskeskoly\/kategoria\/stolicky-a-stoly-pre-mateske-skoly-a-jasle\/relaxacne-segmenty\/"},{"@type":"ListItem","position":5,"name":"Seda\u010dka kvet"}]},{"@type":"WebSite","@id":"https:\/\/alexnabytok.sk\/materskeskoly\/#website","url":"https:\/\/alexnabytok.sk\/materskeskoly\/","name":"N\u00c1BYTOK PRE MATERSK\u00c9 \u0160KOLY","description":"Alex kovov\u00fd a \u0161kolsk\u00fd n\u00e1bytok s.r.o.","potentialAction":[{"@type":"SearchAction","target":{"@type":"EntryPoint","urlTemplate":"https:\/\/alexnabytok.sk\/materskeskoly\/?s={search_term_string}"},"query-input":{"@type":"PropertyValueSpecification","valueRequired":true,"valueName":"search_term_string"}}],"inLanguage":"en-US"}]}},"_links":{"self":[{"href":"https:\/\/alexnabytok.sk\/materskeskoly\/wp-json\/wp\/v2\/pages\/41797","targetHints":{"allow":["GET"]}}],"collection":[{"href":"https:\/\/alexnabytok.sk\/materskeskoly\/wp-json\/wp\/v2\/pages"}],"about":[{"href":"https:\/\/alexnabytok.sk\/materskeskoly\/wp-json\/wp\/v2\/types\/page"}],"author":[{"embeddable":true,"href":"https:\/\/alexnabytok.sk\/materskeskoly\/wp-json\/wp\/v2\/users\/1"}],"replies":[{"embeddable":true,"href":"https:\/\/alexnabytok.sk\/materskeskoly\/wp-json\/wp\/v2\/comments?post=41797"}],"version-history":[{"count":1,"href":"https:\/\/alexnabytok.sk\/materskeskoly\/wp-json\/wp\/v2\/pages\/41797\/revisions"}],"predecessor-version":[{"id":47650,"href":"https:\/\/alexnabytok.sk\/materskeskoly\/wp-json\/wp\/v2\/pages\/41797\/revisions\/47650"}],"up":[{"embeddable":true,"href":"https:\/\/alexnabytok.sk\/materskeskoly\/wp-json\/wp\/v2\/pages\/41793"}],"wp:featuredmedia":[{"embeddable":true,"href":"https:\/\/alexnabytok.sk\/materskeskoly\/wp-json\/wp\/v2\/media\/47644"}],"wp:attachment":[{"href":"https:\/\/alexnabytok.sk\/materskeskoly\/wp-json\/wp\/v2\/media?parent=41797"}],"curies":[{"name":"wp","href":"https:\/\/api.w.org\/{rel}","templated":true}]}}