{"id":9,"date":"2016-06-08T07:57:17","date_gmt":"2016-06-08T07:57:17","guid":{"rendered":"http:\/\/szallodabutor.hu\/?page_id=7"},"modified":"2023-03-10T19:25:26","modified_gmt":"2023-03-10T19:25:26","slug":"fooldal","status":"publish","type":"page","link":"https:\/\/alexnabytok.sk\/materskeskoly\/","title":{"rendered":"F\u0151oldal"},"content":{"rendered":"<div class=\"row \"><div class=\"extra-wrap block_1\"><div class=\"span12 \"><section class=\"lazy-load-box trigger effect-fade \" data-delay=\"200\" data-speed=\"1200\" style=\"-webkit-transition: all 1200ms ease; -moz-transition: all 1200ms ease; -ms-transition: all 1200ms ease; -o-transition: all 1200ms ease; transition: all 1200ms ease;\">\n<h2>Aktu\u00e1lne<\/h2>\n<\/section><\/div>\n\r\n<div class=\"span6 newhometexts-a\">\r\n\t<section class=\"lazy-load-box trigger effect-slidefromleft\" data-delay=\"200\" data-speed=\"900\" style=\"-webkit-transition: all 900ms ease; -moz-transition: all 900ms ease; -ms-transition: all 900ms ease; -o-transition: all 900ms ease; transition: all 900ms ease;\">\r\n\t\t<h3>V\u00c1\u017dEN\u00dd OBCHODN\u00dd PARTNER<\/h3>\r\n\t\t<p>Ako ste si v\u0161imli na\u0161a spolo\u010dnos\u0165 pon\u00faka komplexn\u00e9 vybavenie pre matersk\u00e9 \u0161koly.\r\nVieme V\u00e1m pom\u00f4c\u0165 pri pr\u00edprave podkladov pre verejn\u00e9 obstar\u00e1vanie za \u00fa\u010delom z\u00edskania finan\u010dn\u00fdch prostriedkov. V\u010faka ve\u013ek\u00e9mu mno\u017estvu dod\u00e1vate\u013eov, a ve\u013ekej v\u00fdrobnej kapacite , vieme pon\u00faknu\u0165 komplexn\u00e9 slu\u017eby, \u010di sa to t\u00fdka n\u00e1bytku, eduka\u010dn\u00fdch pom\u00f4cok, text\u00edli\u00ed, ihr\u00edsk alebo exteri\u00e9rov\u00e9ho n\u00e1bytku.<\/p>\r\n\t\t<a href=\"https:\/\/alexnabytok.sk\/materskeskoly\/vazeny-obchodny-partner\/\" class=\"btn btn-primary btn-normal btn-inline \">\u010eALEJ<\/a>\t\t\r\n\t<\/section>\r\n<\/div>\r\n<div class=\"span6 newhometexts-b\">\r\n\t<section class=\"lazy-load-box trigger effect-slidefromright\" data-delay=\"200\" data-speed=\"900\" style=\"-webkit-transition: all 900ms ease; -moz-transition: all 900ms ease; -ms-transition: all 900ms ease; -o-transition: all 900ms ease; transition: all 900ms ease;\">\r\n\t\t<h3>NOV\u00c9 NORBI LE\u017dADL\u00c1<\/h3>\r\n\t\t<p>Nov\u00e9 Norbi le\u017eadl\u00e1 s\u00fa vyr\u00e1baj\u00fa so zosilnen\u00fdmi rohmi a tkaninou, \u010d\u00edm sa predl\u017euje ich \u017eivotnos\u0165.<\/p>\r\n\t\t<a href=\"https:\/\/alexnabytok.sk\/materskeskoly\/produkty\/lezadla-postielky-pre-materske-skoly-a-jasle\/9758-norbi-lezadlo-norbi-lezadlo\/\" class=\"btn btn-primary btn-normal btn-inline \">\u010eALEJ<\/a>\t\t\r\n\t<\/section>\r\n<\/div>\n<\/div><\/div><!-- .row (end) --><script type=\"text\/javascript\">\r\n          jQuery(function() {\r\n              jQuery(\"#fixedparallax_69f884ad31034\").cherryFixedParallax({\r\n                offset: true,\r\n                bgfixed: true,\r\n                invert: true\r\n              });\r\n          });\r\n    <\/script><section id=\"fixedparallax_69f884ad31034\" class=\"fixed_parallax_section cherry_fixed_parallax1\" data-source-url=\"https:\/\/alexnabytok.sk\/materskeskoly\/wp-content\/uploads\/2016\/06\/parallax_pic1.jpg\" data-source-width=\"1920\" data-source-height=\"1518\"><div class=\"container parallax_content\">\n<div class=\"row \"><div class=\"span12 \"><section class=\"lazy-load-box trigger effect-slideup \" data-delay=\"200\" data-speed=\"900\" style=\"-webkit-transition: all 900ms ease; -moz-transition: all 900ms ease; -ms-transition: all 900ms ease; -o-transition: all 900ms ease; transition: all 900ms ease;\">\n<h2>Ob\u013e\u00faben\u00e9 produkty<\/h2>\n<\/section><\/div><section class=\"lazy-load-box trigger effect-zoomout \" data-delay=\"200\" data-speed=\"900\" style=\"-webkit-transition: all 900ms ease; -moz-transition: all 900ms ease; -ms-transition: all 900ms ease; -o-transition: all 900ms ease; transition: all 900ms ease;\">\n\r\n<div class=\"span4 top-termek-a\">\r\n\t<ul class=\"alex-fooldal-top-termek\">\r\n\t\t<li class=\"portfolio_item isotope-item\">\r\n\t\t\t<div class=\"portfolio_item_holder\">\r\n\t\t\t\t<figure class=\"thumbnail thumbnail__portfolio\">\r\n\t\t\t\t\t<a href=\"https:\/\/alexnabytok.sk\/materskeskoly\/produkty\/stolicky-a-stoly-pre-mateske-skoly-a-jasle\/stolicky-s-kovovou-kostrou\/11756-geo-detska-stolicka-geo-detska-stolicka\/\" class=\"image-wrap\" title=\"Geo stoli\u010dka do materskej \u0161koly\" >\r\n\t\t\t\t\t\t<img decoding=\"async\" src=\"https:\/\/alexnabytok.sk\/materskeskoly\/wp-content\/uploads\/2023\/03\/01_GEO_ovodai_szek_allithato_magassagu.jpg\" alt=\"Geo stoli\u010dka do materskej \u0161koly\">\r\n\t\t\t\t\t<\/a>\r\n\t\t\t\t<\/figure>\r\n\t\t\t\t<div class=\"caption caption__portfolio\">\r\n\t\t\t\t\t<h3><a href=\"https:\/\/alexnabytok.sk\/materskeskoly\/produkty\/stolicky-a-stoly-pre-mateske-skoly-a-jasle\/stolicky-s-kovovou-kostrou\/11756-geo-detska-stolicka-geo-detska-stolicka\/\" >Geo stoli\u010dka do materskej \u0161koly<\/a><\/h3>\r\n\t\t\t\t<\/div>\r\n\t\t\t<\/div>\r\n\t\t<\/li>\r\n\t<\/ul>\r\n\t<div class=\"spacer\"><\/div>\r\n<\/div>\r\n<div class=\"span4 top-termek-b\">\r\n\t<ul class=\"alex-fooldal-top-termek\">\r\n\t\t<li class=\"portfolio_item isotope-item\">\r\n\t\t\t<div class=\"portfolio_item_holder\">\r\n\t\t\t\t<figure class=\"thumbnail thumbnail__portfolio\">\r\n\t\t\t\t\t<a href=\"https:\/\/alexnabytok.sk\/materskeskoly\/rozpravkovy-stol\/\" class=\"image-wrap\" title=\"Rozpr\u00e1vkov\u00e9 stoly s kovovou kon\u0161trukciou\" >\r\n\t\t\t\t\t\t<img decoding=\"async\" src=\"https:\/\/alexnabytok.sk\/materskeskoly\/wp-content\/uploads\/2023\/03\/02_Mese_femvazas_aztalok.jpg\" alt=\"Rozpr\u00e1vkov\u00e9 stoly s kovovou kon\u0161trukciou\">\r\n\t\t\t\t\t<\/a>\r\n\t\t\t\t<\/figure>\r\n\t\t\t\t<div class=\"caption caption__portfolio\">\r\n\t\t\t\t\t<h3><a href=\"https:\/\/alexnabytok.sk\/materskeskoly\/rozpravkovy-stol\/\" >Rozpr\u00e1vkov\u00e9 stoly s kovovou kon\u0161trukciou<\/a><\/h3>\r\n\t\t\t\t<\/div>\r\n\t\t\t<\/div>\r\n\t\t<\/li>\r\n\t<\/ul>\r\n\t<div class=\"spacer\"><\/div>\r\n<\/div>\r\n<div class=\"span4 top-termek-c\">\r\n\t<ul class=\"alex-fooldal-top-termek\">\r\n\t\t<li class=\"portfolio_item isotope-item\">\r\n\t\t\t<div class=\"portfolio_item_holder\">\r\n\t\t\t\t<figure class=\"thumbnail thumbnail__portfolio\">\r\n\t\t\t\t\t<a href=\"https:\/\/alexnabytok.sk\/materskeskoly\/kategoria\/skrine-pre-materske-skoly-a-jasle\/skrine-boni\/\" class=\"image-wrap\" title=\"Zostava n\u00e1bytku BONI\" >\r\n\t\t\t\t\t\t<img decoding=\"async\" src=\"https:\/\/alexnabytok.sk\/materskeskoly\/wp-content\/uploads\/2023\/03\/03_Boni_szekrenycsalad-1.jpg\" alt=\"Zostava n\u00e1bytku BONI\">\r\n\t\t\t\t\t<\/a>\r\n\t\t\t\t<\/figure>\r\n\t\t\t\t<div class=\"caption caption__portfolio\">\r\n\t\t\t\t\t<h3><a href=\"https:\/\/alexnabytok.sk\/materskeskoly\/kategoria\/skrine-pre-materske-skoly-a-jasle\/skrine-boni\/\" >Zostava n\u00e1bytku BONI<\/a><\/h3>\r\n\t\t\t\t<\/div>\r\n\t\t\t<\/div>\r\n\t\t<\/li>\r\n\t<\/ul>\r\n\t<div class=\"spacer\"><\/div>\r\n<\/div>\r\n<div class=\"span4 top-termek-d\">\r\n\t<ul class=\"alex-fooldal-top-termek\">\r\n\t\t<li class=\"portfolio_item isotope-item\">\r\n\t\t\t<div class=\"portfolio_item_holder\">\r\n\t\t\t\t<figure class=\"thumbnail thumbnail__portfolio\">\r\n\t\t\t\t\t<a href=\"https:\/\/alexnabytok.sk\/materskeskoly\/kategoria\/skrine-pre-materske-skoly-a-jasle\/skrine-pluto\/\" class=\"image-wrap\" title=\"Pluto \u0161at\u0148ov\u00e1 skri\u0148a\" >\r\n\t\t\t\t\t\t<img decoding=\"async\" src=\"https:\/\/alexnabytok.sk\/materskeskoly\/wp-content\/uploads\/2023\/03\/04_Pluto_oltozoszekreny-1.jpg\" alt=\"Pluto \u0161at\u0148ov\u00e1 skri\u0148a\">\r\n\t\t\t\t\t<\/a>\r\n\t\t\t\t<\/figure>\r\n\t\t\t\t<div class=\"caption caption__portfolio\">\r\n\t\t\t\t\t<h3><a href=\"https:\/\/alexnabytok.sk\/materskeskoly\/kategoria\/skrine-pre-materske-skoly-a-jasle\/skrine-pluto\/\" >Pluto \u0161at\u0148ov\u00e1 skri\u0148a<\/a><\/h3>\r\n\t\t\t\t<\/div>\r\n\t\t\t<\/div>\r\n\t\t<\/li>\r\n\t<\/ul>\r\n\t<div class=\"spacer\"><\/div>\r\n<\/div>\r\n<div class=\"span4 top-termek-e\">\r\n\t<ul class=\"alex-fooldal-top-termek\">\r\n\t\t<li class=\"portfolio_item isotope-item\">\r\n\t\t\t<div class=\"portfolio_item_holder\">\r\n\t\t\t\t<figure class=\"thumbnail thumbnail__portfolio\">\r\n\t\t\t\t\t<a href=\"https:\/\/alexnabytok.sk\/materskeskoly\/kategoria\/skrine-pre-materske-skoly-a-jasle\/drobny-nabytok\/drevena-kuchynka\/\" class=\"image-wrap\" title=\"Detsk\u00e9 kuchyne\" >\r\n\t\t\t\t\t\t<img decoding=\"async\" src=\"https:\/\/alexnabytok.sk\/materskeskoly\/wp-content\/uploads\/2023\/03\/05_Jatekkonyha_laminalt.jpg\" alt=\"Detsk\u00e9 kuchyne\">\r\n\t\t\t\t\t<\/a>\r\n\t\t\t\t<\/figure>\r\n\t\t\t\t<div class=\"caption caption__portfolio\">\r\n\t\t\t\t\t<h3><a href=\"https:\/\/alexnabytok.sk\/materskeskoly\/kategoria\/skrine-pre-materske-skoly-a-jasle\/drobny-nabytok\/drevena-kuchynka\/\" >Detsk\u00e9 kuchyne<\/a><\/h3>\r\n\t\t\t\t<\/div>\r\n\t\t\t<\/div>\r\n\t\t<\/li>\r\n\t<\/ul>\r\n\t<div class=\"spacer\"><\/div>\r\n<\/div>\r\n<div class=\"span4 top-termek-f\">\r\n\t<ul class=\"alex-fooldal-top-termek\">\r\n\t\t<li class=\"portfolio_item isotope-item\">\r\n\t\t\t<div class=\"portfolio_item_holder\">\r\n\t\t\t\t<figure class=\"thumbnail thumbnail__portfolio\">\r\n\t\t\t\t\t<a href=\"https:\/\/alexnabytok.sk\/materskeskoly\/produkty\/exterierove-hracky\/exterierove-hracky-z-borovice\/9872-dvojity-domcek-s-hojdacou-lavkou-dvojity-domcek-s-hojdacou-lavkou\/\" class=\"image-wrap\" title=\"Hrad\" >\r\n\t\t\t\t\t\t<img decoding=\"async\" src=\"https:\/\/alexnabytok.sk\/materskeskoly\/wp-content\/uploads\/2023\/03\/06_Kettornyos_var_gorgos_hiddal.jpg\" alt=\"Hrad\">\r\n\t\t\t\t\t<\/a>\r\n\t\t\t\t<\/figure>\r\n\t\t\t\t<div class=\"caption caption__portfolio\">\r\n\t\t\t\t\t<h3><a href=\"https:\/\/alexnabytok.sk\/materskeskoly\/produkty\/exterierove-hracky\/exterierove-hracky-z-borovice\/9872-dvojity-domcek-s-hojdacou-lavkou-dvojity-domcek-s-hojdacou-lavkou\/\" >Hrad<\/a><\/h3>\r\n\t\t\t\t<\/div>\r\n\t\t\t<\/div>\r\n\t\t<\/li>\r\n\t<\/ul>\r\n\t<div class=\"spacer\"><\/div>\r\n<\/div>\n<\/section><div class=\"spacer\"><\/div><!-- .spacer (end) -->\n<div class=\"span12 \"><div class=\"spacer\"><\/div><!-- .spacer (end) --><section class=\"lazy-load-box trigger effect-slideup \" data-delay=\"200\" data-speed=\"900\" style=\"-webkit-transition: all 900ms ease; -moz-transition: all 900ms ease; -ms-transition: all 900ms ease; -o-transition: all 900ms ease; transition: all 900ms ease;\"><div class=\"spacer\"><\/div><!-- .spacer (end) -->\n<h2>Ostan\u00e9 kateg\u00f3rie<\/h2>\n<\/section><\/div><div class=\"span12 \"><section class=\"lazy-load-box trigger effect-zoomout \" data-delay=\"200\" data-speed=\"900\" style=\"-webkit-transition: all 900ms ease; -moz-transition: all 900ms ease; -ms-transition: all 900ms ease; -o-transition: all 900ms ease; transition: all 900ms ease;\">\n<section class=\"lazy-load-box effect-zoomout\">\n<ul class=\"posts-grid row-fluid unstyled block_2 ul-item-0\">\n<li class=\"span4 list-item-1\">\n<figure class=\"featured-thumbnail thumbnail\"><img decoding=\"async\" src=\"https:\/\/alexnabytok.sk\/materskeskoly\/wp-content\/uploads\/2016\/06\/01_Iskola.jpg\"><span class=\"zoom-icon\"><\/span><\/figure>\n<div class=\"clear\"><\/div>\n<div class=\"desc\">\n<h6><strong>\u0161kolsk\u00fd n\u00e1bytok<\/strong><span> <\/span><\/h6>\n<p><a href=\"http:\/\/www.alexnabytok.sk\/skolskynabytok\/\" class=\"btn btn-primary\" title=\"\u0161kolsk\u00fd n\u00e1bytok\">\u010ealej<\/a><\/div>\n<\/li>\n<li class=\"span4 list-item-3\">\n<figure class=\"featured-thumbnail thumbnail\"><img decoding=\"async\" src=\"https:\/\/alexnabytok.sk\/materskeskoly\/wp-content\/uploads\/2016\/06\/02_Oltozo.jpg\"><span class=\"zoom-icon\"><\/span><\/figure>\n<div class=\"clear\"><\/div>\n<div class=\"desc\">\n<h6><strong>\u0160at\u0148ov\u00fd n\u00e1bytok<\/strong><span>Vyberte si z kvalitn\u00e9ho vyr\u00e1ban\u00e9ho \u0161at\u0148ov\u00e9ho n\u00e1bytku!<\/span><\/h6>\n<p><a href=\"http:\/\/www.alexnabytok.sk\/satnovynabytok\/\" class=\"btn btn-primary\" title=\"\u0160at\u0148ov\u00fd n\u00e1bytok\">\u010ealej<\/a><\/div>\n<\/li>\n<li class=\"span4 list-item-2\">\n<figure class=\"featured-thumbnail thumbnail\"><img decoding=\"async\" src=\"https:\/\/alexnabytok.sk\/materskeskoly\/wp-content\/uploads\/2016\/06\/03_Utca.jpg\"><span class=\"zoom-icon\"><\/span><\/figure>\n<div class=\"clear\"><\/div>\n<div class=\"desc\">\n<h6><strong>Mestsk\u00fd mobili\u00e1r<\/strong><span>Jednotn\u00e9 a prest\u00ed\u017ene verejn\u00e9 priestranstv\u00e1!<\/span><\/h6>\n<p><a href=\"https:\/\/alexnabytok.sk\/materskeskoly\/\" class=\"btn btn-primary\" title=\"Utcab\u00fator\">\u010ealej<\/a><\/div>\n<\/li>\n<\/ul>\n<ul class=\"posts-grid row-fluid unstyled block_2 ul-item-1\"><\/ul>\n<\/section>\n<\/section><\/div><\/div><!-- .row (end) --><\/div><\/section>\n","protected":false},"excerpt":{"rendered":"","protected":false},"author":1,"featured_media":0,"parent":0,"menu_order":0,"comment_status":"closed","ping_status":"closed","template":"page-home.php","meta":{"footnotes":""},"class_list":["post-9","page","type-page","status-publish","hentry"],"yoast_head":"<!-- This site is optimized with the Yoast SEO plugin v24.7 - https:\/\/yoast.com\/wordpress\/plugins\/seo\/ -->\n<title>F\u0151oldal - N\u00c1BYTOK PRE MATERSK\u00c9 \u0160KOLY<\/title>\n<meta name=\"robots\" content=\"index, follow, max-snippet:-1, max-image-preview:large, max-video-preview:-1\" \/>\n<link rel=\"canonical\" href=\"https:\/\/alexnabytok.sk\/materskeskoly\/\" \/>\n<meta property=\"og:locale\" content=\"sk_SK\" \/>\n<meta property=\"og:type\" content=\"article\" \/>\n<meta property=\"og:title\" content=\"F\u0151oldal - N\u00c1BYTOK PRE MATERSK\u00c9 \u0160KOLY\" \/>\n<meta property=\"og:url\" content=\"https:\/\/alexnabytok.sk\/materskeskoly\/\" \/>\n<meta property=\"og:site_name\" content=\"N\u00c1BYTOK PRE MATERSK\u00c9 \u0160KOLY\" \/>\n<meta property=\"article:modified_time\" content=\"2023-03-10T19:25:26+00:00\" \/>\n<meta property=\"og:image\" content=\"https:\/\/alexnabytok.sk\/materskeskoly\/wp-content\/uploads\/2016\/06\/01_Iskola.jpg\" \/>\n<meta name=\"twitter:card\" content=\"summary_large_image\" \/>\n<meta name=\"twitter:label1\" content=\"Est. reading time\" \/>\n\t<meta name=\"twitter:data1\" content=\"1 minute\" \/>\n<script type=\"application\/ld+json\" class=\"yoast-schema-graph\">{\"@context\":\"https:\/\/schema.org\",\"@graph\":[{\"@type\":\"WebPage\",\"@id\":\"https:\/\/alexnabytok.sk\/materskeskoly\/\",\"url\":\"https:\/\/alexnabytok.sk\/materskeskoly\/\",\"name\":\"F\u0151oldal - N\u00c1BYTOK PRE MATERSK\u00c9 \u0160KOLY\",\"isPartOf\":{\"@id\":\"https:\/\/alexnabytok.sk\/materskeskoly\/#website\"},\"primaryImageOfPage\":{\"@id\":\"https:\/\/alexnabytok.sk\/materskeskoly\/#primaryimage\"},\"image\":{\"@id\":\"https:\/\/alexnabytok.sk\/materskeskoly\/#primaryimage\"},\"thumbnailUrl\":\"https:\/\/alexnabytok.sk\/materskeskoly\/wp-content\/uploads\/2016\/06\/01_Iskola.jpg\",\"datePublished\":\"2016-06-08T07:57:17+00:00\",\"dateModified\":\"2023-03-10T19:25:26+00:00\",\"breadcrumb\":{\"@id\":\"https:\/\/alexnabytok.sk\/materskeskoly\/#breadcrumb\"},\"inLanguage\":\"en-US\",\"potentialAction\":[{\"@type\":\"ReadAction\",\"target\":[\"https:\/\/alexnabytok.sk\/materskeskoly\/\"]}]},{\"@type\":\"ImageObject\",\"inLanguage\":\"en-US\",\"@id\":\"https:\/\/alexnabytok.sk\/materskeskoly\/#primaryimage\",\"url\":\"https:\/\/alexnabytok.sk\/materskeskoly\/wp-content\/uploads\/2016\/06\/01_Iskola.jpg\",\"contentUrl\":\"https:\/\/alexnabytok.sk\/materskeskoly\/wp-content\/uploads\/2016\/06\/01_Iskola.jpg\",\"width\":370,\"height\":185},{\"@type\":\"BreadcrumbList\",\"@id\":\"https:\/\/alexnabytok.sk\/materskeskoly\/#breadcrumb\",\"itemListElement\":[{\"@type\":\"ListItem\",\"position\":1,\"name\":\"Home\",\"item\":\"https:\/\/alexnabytok.sk\/materskeskoly\/\"},{\"@type\":\"ListItem\",\"position\":2,\"name\":\"F\u0151oldal\"}]},{\"@type\":\"WebSite\",\"@id\":\"https:\/\/alexnabytok.sk\/materskeskoly\/#website\",\"url\":\"https:\/\/alexnabytok.sk\/materskeskoly\/\",\"name\":\"N\u00c1BYTOK PRE MATERSK\u00c9 \u0160KOLY\",\"description\":\"Alex kovov\u00fd a \u0161kolsk\u00fd n\u00e1bytok s.r.o.\",\"potentialAction\":[{\"@type\":\"SearchAction\",\"target\":{\"@type\":\"EntryPoint\",\"urlTemplate\":\"https:\/\/alexnabytok.sk\/materskeskoly\/?s={search_term_string}\"},\"query-input\":{\"@type\":\"PropertyValueSpecification\",\"valueRequired\":true,\"valueName\":\"search_term_string\"}}],\"inLanguage\":\"en-US\"}]}<\/script>\n<!-- \/ Yoast SEO plugin. -->","yoast_head_json":{"title":"F\u0151oldal - N\u00c1BYTOK PRE MATERSK\u00c9 \u0160KOLY","robots":{"index":"index","follow":"follow","max-snippet":"max-snippet:-1","max-image-preview":"max-image-preview:large","max-video-preview":"max-video-preview:-1"},"canonical":"https:\/\/alexnabytok.sk\/materskeskoly\/","og_locale":"sk_SK","og_type":"article","og_title":"F\u0151oldal - N\u00c1BYTOK PRE MATERSK\u00c9 \u0160KOLY","og_url":"https:\/\/alexnabytok.sk\/materskeskoly\/","og_site_name":"N\u00c1BYTOK PRE MATERSK\u00c9 \u0160KOLY","article_modified_time":"2023-03-10T19:25:26+00:00","og_image":[{"url":"https:\/\/alexnabytok.sk\/materskeskoly\/wp-content\/uploads\/2016\/06\/01_Iskola.jpg","type":"","width":"","height":""}],"twitter_card":"summary_large_image","twitter_misc":{"Est. reading time":"1 minute"},"schema":{"@context":"https:\/\/schema.org","@graph":[{"@type":"WebPage","@id":"https:\/\/alexnabytok.sk\/materskeskoly\/","url":"https:\/\/alexnabytok.sk\/materskeskoly\/","name":"F\u0151oldal - N\u00c1BYTOK PRE MATERSK\u00c9 \u0160KOLY","isPartOf":{"@id":"https:\/\/alexnabytok.sk\/materskeskoly\/#website"},"primaryImageOfPage":{"@id":"https:\/\/alexnabytok.sk\/materskeskoly\/#primaryimage"},"image":{"@id":"https:\/\/alexnabytok.sk\/materskeskoly\/#primaryimage"},"thumbnailUrl":"https:\/\/alexnabytok.sk\/materskeskoly\/wp-content\/uploads\/2016\/06\/01_Iskola.jpg","datePublished":"2016-06-08T07:57:17+00:00","dateModified":"2023-03-10T19:25:26+00:00","breadcrumb":{"@id":"https:\/\/alexnabytok.sk\/materskeskoly\/#breadcrumb"},"inLanguage":"en-US","potentialAction":[{"@type":"ReadAction","target":["https:\/\/alexnabytok.sk\/materskeskoly\/"]}]},{"@type":"ImageObject","inLanguage":"en-US","@id":"https:\/\/alexnabytok.sk\/materskeskoly\/#primaryimage","url":"https:\/\/alexnabytok.sk\/materskeskoly\/wp-content\/uploads\/2016\/06\/01_Iskola.jpg","contentUrl":"https:\/\/alexnabytok.sk\/materskeskoly\/wp-content\/uploads\/2016\/06\/01_Iskola.jpg","width":370,"height":185},{"@type":"BreadcrumbList","@id":"https:\/\/alexnabytok.sk\/materskeskoly\/#breadcrumb","itemListElement":[{"@type":"ListItem","position":1,"name":"Home","item":"https:\/\/alexnabytok.sk\/materskeskoly\/"},{"@type":"ListItem","position":2,"name":"F\u0151oldal"}]},{"@type":"WebSite","@id":"https:\/\/alexnabytok.sk\/materskeskoly\/#website","url":"https:\/\/alexnabytok.sk\/materskeskoly\/","name":"N\u00c1BYTOK PRE MATERSK\u00c9 \u0160KOLY","description":"Alex kovov\u00fd a \u0161kolsk\u00fd n\u00e1bytok s.r.o.","potentialAction":[{"@type":"SearchAction","target":{"@type":"EntryPoint","urlTemplate":"https:\/\/alexnabytok.sk\/materskeskoly\/?s={search_term_string}"},"query-input":{"@type":"PropertyValueSpecification","valueRequired":true,"valueName":"search_term_string"}}],"inLanguage":"en-US"}]}},"_links":{"self":[{"href":"https:\/\/alexnabytok.sk\/materskeskoly\/wp-json\/wp\/v2\/pages\/9","targetHints":{"allow":["GET"]}}],"collection":[{"href":"https:\/\/alexnabytok.sk\/materskeskoly\/wp-json\/wp\/v2\/pages"}],"about":[{"href":"https:\/\/alexnabytok.sk\/materskeskoly\/wp-json\/wp\/v2\/types\/page"}],"author":[{"embeddable":true,"href":"https:\/\/alexnabytok.sk\/materskeskoly\/wp-json\/wp\/v2\/users\/1"}],"replies":[{"embeddable":true,"href":"https:\/\/alexnabytok.sk\/materskeskoly\/wp-json\/wp\/v2\/comments?post=9"}],"version-history":[{"count":7,"href":"https:\/\/alexnabytok.sk\/materskeskoly\/wp-json\/wp\/v2\/pages\/9\/revisions"}],"predecessor-version":[{"id":61608,"href":"https:\/\/alexnabytok.sk\/materskeskoly\/wp-json\/wp\/v2\/pages\/9\/revisions\/61608"}],"wp:attachment":[{"href":"https:\/\/alexnabytok.sk\/materskeskoly\/wp-json\/wp\/v2\/media?parent=9"}],"curies":[{"name":"wp","href":"https:\/\/api.w.org\/{rel}","templated":true}]}}